-3*b + m*h, -h + 0*h + 4 = -b. What is the remainder when 20 is divided by (0 - 1) + 12 + b?
9
Let q = 2 - 4. Let a = 5 + q. Calculate the remainder when 74 is divided by (a + (-25)/2)*-2.
17
Suppose 4*j - 2*g = g - 1, j - 21 = 5*g. Let i = -7 - j. What is the remainder when ((-520)/12)/(2/i) is divided by 17?
14
Let z be (-1 - 2)*(-26)/3. Let b = -17 + z. Suppose 5 = 10*a - 45. Calculate the remainder when b is divided by a.
4
Suppose -3*c = -3*f - 35 + 2, 3*c - 35 = 4*f. Let n be 75*-1*(1 - 2). Let j = -50 + n. What is the remainder when j is divided by c?
7
Let z(m) = m**3 + 22*m**2 + 9*m + 57. What is the remainder when z(-21) is divided by 26?
23
Suppose j + 6 = 1. Let x = 4 + j. Let q(p) = -10*p**3 - p**2 - p - 1. What is the remainder when 16 is divided by q(x)?
7
Suppose -2*z - 7*z + 369 = 0. Calculate the remainder when z is divided by 4/(8/30) - 1.
13
Let k = -17 + 25. What is the remainder when 4/(-6)*(-279)/6 is divided by k?
7
Let c = 27 - 19. Calculate the remainder when 37 is divided by c.
5
Let l = 7 + -14. Let c(d) = d**2 + 3*d - 8. Calculate the remainder when 38 is divided by c(l).
18
Suppose 0 = 5*w - 2*w. Suppose -8 = -w*s + 2*s. Calculate the remainder when 55 is divided by 16 + -1 + 3 + s.
13
Let w = 388 - 254. What is the remainder when w is divided by 34?
32
Let z(m) = m**3 - 9*m**2 + 16. What is the remainder when 62 is divided by z(9)?
14
Suppose 5*l - 16 = -4*o, 0*l = o + 4*l + 7. Calculate the remainder when (-16)/72 + 146/o is divided by 6.
4
What is the remainder when ((-3)/2)/(51/(-272)) is divided by 2?
0
Suppose -4*g + 2*g + 57 = -5*f, 0 = 5*g - 2*f - 132. Suppose -y + 5 = -g. Calculate the remainder when y is divided by 17.
14
Let k = -11 - -11. Suppose 0 = 4*v - 0*a + 3*a - 36, k = -3*v - 4*a + 34. What is the remainder when 10 is divided by v?
4
Suppose 0*m + 5*m = 250. What is the remainder when m is divided by (-1)/(((-1)/2)/(136/16))?
16
Let l(z) = -z**3 + 2*z**2 - 2*z + 9. What is the remainder when 34 is divided by l(0)?
7
Suppose 0 = 4*p - 2 - 38. Calculate the remainder when 39 is divided by p.
9
Calculate the remainder when 67 is divided by (3*15/9)/(2/8).
7
Let l(x) = x**2 + 146. What is the remainder when l(0) is divided by 37?
35
Suppose 0 = 2*d - 6, 3*x - 7*x + 48 = -4*d. Calculate the remainder when 27 is divided by x.
12
Let z(r) = -3*r + 69. Calculate the remainder when 42 is divided by z(20).
6
Suppose 0 = -6*u + 4*u + 12. What is the remainder when u/9 + (-110)/(-6) is divided by 5?
4
Let w = 20 - -1. Let x(o) = -o**3 + o**2 + o + 6. Calculate the remainder when w is divided by x(0).
3
What is the remainder when 330/(-9)*(1 - 4) is divided by 16?
14
Calculate the remainder when (-393)/(-6) + 3/6 is divided by 17.
15
Suppose t + 4*m = 20, 4*t - m - 2 - 10 = 0. Suppose 2*w + r + t*r - 55 = 0, 0 = -4*r + 20. What is the remainder when 43 is divided by w?
13
What is the remainder when 17 is divided by ((-14)/28)/(1/(-12))?
5
Let y(n) = 2*n**2 - n + 1. Let r be y(1). Suppose -r*z = -4, -3*o + 10 = 2*o + 5*z. Let j(c) = -c + 11. What is the remainder when 20 is divided by j(o)?
9
Suppose 0 = -3*i - 2*a, -i - 3*a - 7 = -0*a. Suppose 42 = i*x - 32. Let f(m) = 2*m**2 + 4*m - 3. What is the remainder when x is divided by f(-4)?
11
Let r be (32/3)/((-1)/(-6)). Suppose 5*f - r + 9 = 0. Suppose -c - 4*c + 105 = 0. Calculate the remainder when c is divided by f.
10
Let j(u) = 6*u - 10. Calculate the remainder when 78 is divided by j(5).
18
Suppose -2*f - 5*v = -40, -2*f - 2*v + 0*v = -40. Suppose -5*d - 50 = -5*x, -5*d = -f + 45. Calculate the remainder when x is divided by 4.
1
Suppose 5*q = q + 36. Calculate the remainder when q is divided by 6.
3
Let q(f) = f**3 + 6*f**2 + f + 3. Suppose 2*z - y = -2*z - 10, -4*z - 22 = 5*y. Calculate the remainder when q(z) is divided by 14.
13
Suppose -9*g = -38 - 97. Calculate the remainder when 134 is divided by g.
14
Let h = -39 - -77. What is the remainder when h is divided by 12?
2
Let k be (7/2)/((-2)/(-4)). Let t(z) = -z**3 + 4*z - 7*z**2 + z**2 + 3*z + k. What is the remainder when t(-7) is divided by 3?
1
Let t = -101 - -151. Suppose -4*q + 28 = -24. What is the remainder when t is divided by q?
11
Suppose 308 = 4*a - 2*r + 16, 3*a + 4*r - 241 = 0. What is the remainder when a is divided by 26?
23
Suppose 3*i - p - 21 = -3*p, 22 = 5*i - p. Let y = -22 - -37. Suppose -3*a - 3 = -k - 2*a, 5*k + a - y = 0. What is the remainder when i is divided by k?
2
Let t = 11 + 8. Calculate the remainder when ((-32)/20)/(4/(-90)) is divided by t.
17
Suppose 3*a - 4 = 89. What is the remainder when a is divided by 8?
7
Suppose 3*k - 2*g - 30 = -5*g, 32 = 2*k - 2*g. What is the remainder when 23 is divided by k?
10
Let o(b) = -8*b - 6. Let p be o(-7). Let a = 28 - p. Let s = a - -47. What is the remainder when s is divided by 9?
7
Let w(v) = v**3 - 6*v**2 + 2*v - 8. Let j be w(6). Suppose j*c = 12 - 0, -80 = -2*r - 2*c. What is the remainder when r is divided by 13?
11
Let w(g) = -g**2 + 15*g - 40. Calculate the remainder when w(9) is divided by 11.
3
Let n(l) = 4*l. Let o be n(10). Suppose z - o = -j - 1, -5*j + 5 = 0. Calculate the remainder when z is divided by 13.
12
Suppose 2*k = -5*b + 13 - 0, 5*k + 4*b = 41. Calculate the remainder when 34 is divided by k.
7
Suppose 0 = -0*o + o. Suppose o = 3*f + 2*f - 350. Let t = f - 12. What is the remainder when t is divided by 15?
13
Let q(w) = -25*w**3. Suppose 0 = -2*p - 0 + 2. Let b(c) = 12*c**3 + 2*c - 1. Calculate the remainder when q(-1) is divided by b(p).
12
Let v = -27 - -60. Calculate the remainder when v is divided by 18.
15
Let v(h) = h**3 - 6*h**2 - h - 7. Let b(u) = u**3 + 14*u**2 + 11*u - 19. Let r be b(-13). What is the remainder when v(r) is divided by 12?
11
Suppose 40 = -0*l + 5*l. What is the remainder when l is divided by 3/2*8/4?
2
Suppose -115*x + 18 = -112*x. Suppose c - 15 - 15 = -5*d, -4*c = -4*d - 48. What is the remainder when c is divided by x?
3
Let r(w) = 2*w**2 - 5*w - 8. Let t = -34 + 48. Suppose -2*o + 3*k + t + 19 = 0, -2*k + 26 = 4*o. What is the remainder when r(6) is divided by o?
7
Let u(l) = l**3 + 4*l**2 - l - 1. Let a be u(-4). Suppose 4*q = 3*j + a, q - 4 = 2*j - q. Let v = j - -9. Calculate the remainder when 6 is divided by v.
2
Let u be (13 + -10)/((-1)/(-17)). Suppose -2*l - l = -u. Calculate the remainder when 33 is divided by l.
16
Let p = 8 - -3. Let k(b) = 4*b**2 + b - 2. What is the remainder when k(-3) is divided by p?
9
Suppose -33 - 28 = -b. What is the remainder when b is divided by 16?
13
Suppose -198 = -4*j - 2*j. What is the remainder when j is divided by 17?
16
Let l(g) = -2*g**3 - 4*g**2 + 2*g + 3. What is the remainder when 74 is divided by l(-3)?
14
Let o = 109 - 85. Calculate the remainder when 70 is divided by o.
22
Let f = 3 + 4. Calculate the remainder when 20 is divided by f.
6
Suppose 5*z - 1 = 4*v + 8, v + z = 9. Suppose -2*x = -23 + 5. What is the remainder when x is divided by v?
1
Calculate the remainder when 36 is divided by -2 - -11 - (2 - 3).
6
Let v(m) = 2*m - 5. Calculate the remainder when v(4) is divided by -1 + (-3)/3*-3.
1
Let l(m) = -m**3 - 4*m**2 + 12*m + 5. Let b(c) = -c**3 - 4*c**2 + 13*c + 5. Let p(d) = -6*b(d) + 7*l(d). What is the remainder when p(-6) is divided by 21?
20
Let c(w) = w + 4. Let l be c(-4). Suppose 4*n + n - 10 = l. Suppose k - 111 = -n*k. Calculate the remainder when k is divided by 13.
11
Let f be 6/15 + 33/5. Suppose 3*b = -z + 26, -z - 4*b + 23 = -f. What is the remainder when 40 is divided by z?
12
Let x = -3 - -6. Suppose -2*o - k = -24, 0 = -x*o - 3*k + 2 + 28. What is the remainder when 25 is divided by o?
11
Let h(y) = y**2 - 3*y. Suppose 5*l - 74 = 1. What is the remainder when l is divided by h(4)?
3
Suppose -2*j + 1 = -9. What is the remainder when 2/(((-10)/(-21))/j) is divided by 12?
9
Let n be (-4)/14 + 492/(-42). Let x = 18 + n. What is the remainder when 9 is divided by x?
3
Let l(p) = 13*p**2 + p. Let n(q) = 8 + 5 - q - 6. Calculate the remainder when l(-1) is divided by n(0).
5
Let r(f) = -4*f + 4*f - f + 8 + f**2. Calculate the remainder when r(0) is divided by 5.
3
Suppose 3*j - 19 = 2*l + 37, -2*j - l + 49 = 0. Calculate the remainder when 65 is divided by j.
21
Suppose -2*c - 2*a + 145 = -3*a, -136